{"id":3238,"date":"2024-06-08T17:22:07","date_gmt":"2024-06-08T20:22:07","guid":{"rendered":"https:\/\/www.lehrplan.tech\/cursoeadlehrplan\/?page_id=3238"},"modified":"2025-08-25T11:16:16","modified_gmt":"2025-08-25T14:16:16","slug":"oportunidades-de-negocios-com-a-abertura-do-mercado-livre-de-energia","status":"publish","type":"page","link":"https:\/\/www.lehrplan.tech\/cursoeadlehrplan\/cursos-lehrplan-jocemar-bueno\/oportunidades-de-negocios-com-a-abertura-do-mercado-livre-de-energia\/","title":{"rendered":"Oportunidades de Neg\u00f3cios com a Abertura do Mercado Livre de Energia"},"content":{"rendered":"\n\n\t<h1><strong>OPORTUNIDADES DE NEG\u00d3CIOS COM A ABERTURA DO MERCADO LIVRE DE ENERGIA<\/strong><\/h1>\n\t<ul>\n<li><strong>Dura\u00e7\u00e3o:<\/strong> 3 horas;<\/li>\n<li><strong>Formato:<\/strong> Videoaula;<\/li>\n<li><strong>Plataforma:<\/strong> Hotmart;<\/li>\n<li><strong>Investimento:<\/strong> <strong>Gratuito para assinantes do Grupo de Neg\u00f3cios!<\/strong><\/li>\n<\/ul>\n\t\t\t<a href=\"https:\/\/livemercadolivredeenergiaemfoc.club.hotmart.com\/login\" target=\"_self\" role=\"button\" rel=\"noopener\">\n\t\t\t\t\t\t\tLOGIN\n\t\t\t<\/a>\n\t\t\t<a href=\"https:\/\/www.lehrplan.tech\/cursoeadlehrplan\/cursos-lehrplan-jocemar-bueno\/mercado-livre-de-energia-em-foco\/\" target=\"_self\" role=\"button\" rel=\"noopener\">\n\t\t\t\t\t\t\tVER GRUPO DE NEG\u00d3CIOS\n\t\t\t<\/a>\n\t<h2><strong>PROGRAMA E DESCRI\u00c7\u00c3O DO CURSO:<\/strong><\/h2>\n\n<ul>\n<li>OPORTUNIDADES DE NEG\u00d3CIOS COM A ABERTURA DO MERCADO LIVRE DE ENERGIA;\n<ul>\n<li>Como posso realizar a migra\u00e7\u00e3o de unidades consumidoras?;<\/li>\n<li>Como posso realizar a Gest\u00e3o de Energia para o meu cliente?;<\/li>\n<li>Como funciona a Representa\u00e7\u00e3o de Consumidores, Autoprodutores e Geradores na CCEE?;<\/li>\n<li>Como eu fa\u00e7o para abrir uma Comercializadora de Energia?;<\/li>\n<li>Posso fazer uma parceria com uma Comercializadora de Energia?;<\/li>\n<li>Modelos de Neg\u00f3cios para pequenas empresas que n\u00e3o podem ser comercializadoras de energia:\n<ul>\n<li>Energy Smart Contracts;<\/li>\n<li>Pay-as-You-Go (PAYG) &amp; Power Purchase Agreements (PPA);<\/li>\n<li>Microgrid-as-a-Service (MaaS);<\/li>\n<li>DBOOM Model;<\/li>\n<li>Energy Saving Performance Contracts (ESPCs);<\/li>\n<li>Vehicle-to-Grid (V2G);<\/li>\n<li>Rent-the-space;<\/li>\n<li>Value Stack;<\/li>\n<li>Reference NetWork Model;<\/li>\n<li>Forward Looking;<\/li>\n<li>Net Metering;<\/li>\n<li>DeFi for Energy &amp; Dapps Ethereum;<\/li>\n<li>Intelig\u00eancia de Dados;<\/li>\n<li>Efici\u00eancia Energ\u00e9tica;<\/li>\n<li>Intelligent Energy Consumption Control;<\/li>\n<li>Usinas Virtuais: CHP\/CCHP, on\/off switching;<\/li>\n<li>Energy Trading and Risk Management;<\/li>\n<li>P&amp;D em IoT Systems &amp; Manufacturing 4.0 no Setor El\u00e9trico;<\/li>\n<\/ul>\n<\/li>\n<\/ul>\n<\/li>\n<\/ul>\n\t<h3><strong>Instrutor:<\/strong>\u00a0Me. Jocemar Felicio Bueno<\/h3>\n<ul>\n<li>Certificado pela CCEE;<\/li>\n<li>Mestre em Engenharia de Energia;<\/li>\n<li>Graduado em F\u00edsica;<\/li>\n<li>T\u00e9cnico em Eletrot\u00e9cnica &#8211; CFT: 2208240790.<\/li>\n<\/ul>\n\t\t\t\t<img loading=\"lazy\" decoding=\"async\" src=\"https:\/\/www.lehrplan.tech\/cursoeadlehrplan\/wp-content\/uploads\/2023\/02\/Certificado-de-Operador-do-Mercado-Jocemar-Felicio-Bueno.png\" alt=\"Certificado de Operador do Mercado - Jocemar Felicio Bueno\" itemprop=\"image\" height=\"981\" width=\"1389\" title=\"Certificado de Operador do Mercado - Jocemar Felicio Bueno\" onerror=\"this.style.display='none'\"  \/>\n\t\t\t<a href=\"https:\/\/api.whatsapp.com\/send?l=pt&#038;phone=5505196358257\" target=\"_blank\" role=\"button\" rel=\"noopener\">\n\t\t\t\t\t\t\tATENDIMENTO WHATSAPP\n\t\t\t<\/a>\n\t\t\t<a href=\"https:\/\/t.me\/mercadolivredeenergia\" target=\"_blank\" role=\"button\" rel=\"noopener\">\n\t\t\t\t\t\t\tGRUPO NO TELEGRAM\n\t\t\t<\/a>\n\t<h4><strong>CURSO DE MERCADO LIVRE DE ENERGIA<\/strong><\/h4>\n\t\t\t<a href=\"https:\/\/www.lehrplan.tech\/cursoeadlehrplan\/cursos-lehrplan-jocemar-bueno\/curso-mercado-livre-de-energia\/\" target=\"_blank\" role=\"button\" rel=\"noopener\">\n\t\t\t\t\t\t\tSAIBA MAIS!\n\t\t\t<\/a>\n\n","protected":false},"excerpt":{"rendered":"<p>OPORTUNIDADES DE NEG\u00d3CIOS COM A ABERTURA DO MERCADO LIVRE DE ENERGIA Dura\u00e7\u00e3o: 3 horas; Formato: Videoaula; Plataforma: Hotmart; Investimento: Gratuito para assinantes do Grupo de Neg\u00f3cios! LOGIN VER GRUPO DE NEG\u00d3CIOS PROGRAMA E DESCRI\u00c7\u00c3O DO CURSO: OPORTUNIDADES DE NEG\u00d3CIOS COM A ABERTURA DO MERCADO LIVRE DE ENERGIA; Como posso realizar a migra\u00e7\u00e3o de unidades consumidoras?; [&hellip;]<\/p>\n","protected":false},"author":1,"featured_media":0,"parent":275,"menu_order":0,"comment_status":"closed","ping_status":"closed","template":"","meta":{"site-sidebar-layout":"no-sidebar","site-content-layout":"page-builder","ast-site-content-layout":"full-width-container","site-content-style":"unboxed","site-sidebar-style":"unboxed","ast-global-header-display":"","ast-banner-title-visibility":"disabled","ast-main-header-display":"disabled","ast-hfb-above-header-display":"","ast-hfb-below-header-display":"","ast-hfb-mobile-header-display":"","site-post-title":"disabled","ast-breadcrumbs-content":"","ast-featured-img":"disabled","footer-sml-layout":"disabled","theme-transparent-header-meta":"default","adv-header-id-meta":"","stick-header-meta":"","header-above-stick-meta":"","header-main-stick-meta":"","header-below-stick-meta":"","astra-migrate-meta-layouts":"set","ast-page-background-enabled":"default","ast-page-background-meta":{"desktop":{"background-color":"var(--ast-global-color-4)","background-image":"","background-repeat":"repeat","background-position":"center center","background-size":"auto","background-attachment":"scroll","background-type":"","background-media":"","overlay-type":"","overlay-color":"","overlay-gradient":""},"tablet":{"background-color":"","background-image":"","background-repeat":"repeat","background-position":"center center","background-size":"auto","background-attachment":"scroll","background-type":"","background-media":"","overlay-type":"","overlay-color":"","overlay-gradient":""},"mobile":{"background-color":"","background-image":"","background-repeat":"repeat","background-position":"center center","background-size":"auto","background-attachment":"scroll","background-type":"","background-media":"","overlay-type":"","overlay-color":"","overlay-gradient":""}},"ast-content-background-meta":{"desktop":{"background-color":"var(--ast-global-color-5)","background-image":"","background-repeat":"repeat","background-position":"center center","background-size":"auto","background-attachment":"scroll","background-type":"","background-media":"","overlay-type":"","overlay-color":"","overlay-gradient":""},"tablet":{"background-color":"var(--ast-global-color-5)","background-image":"","background-repeat":"repeat","background-position":"center center","background-size":"auto","background-attachment":"scroll","background-type":"","background-media":"","overlay-type":"","overlay-color":"","overlay-gradient":""},"mobile":{"background-color":"var(--ast-global-color-5)","background-image":"","background-repeat":"repeat","background-position":"center center","background-size":"auto","background-attachment":"scroll","background-type":"","background-media":"","overlay-type":"","overlay-color":"","overlay-gradient":""}},"footnotes":""},"_links":{"self":[{"href":"https:\/\/www.lehrplan.tech\/cursoeadlehrplan\/wp-json\/wp\/v2\/pages\/3238"}],"collection":[{"href":"https:\/\/www.lehrplan.tech\/cursoeadlehrplan\/wp-json\/wp\/v2\/pages"}],"about":[{"href":"https:\/\/www.lehrplan.tech\/cursoeadlehrplan\/wp-json\/wp\/v2\/types\/page"}],"author":[{"embeddable":true,"href":"https:\/\/www.lehrplan.tech\/cursoeadlehrplan\/wp-json\/wp\/v2\/users\/1"}],"replies":[{"embeddable":true,"href":"https:\/\/www.lehrplan.tech\/cursoeadlehrplan\/wp-json\/wp\/v2\/comments?post=3238"}],"version-history":[{"count":24,"href":"https:\/\/www.lehrplan.tech\/cursoeadlehrplan\/wp-json\/wp\/v2\/pages\/3238\/revisions"}],"predecessor-version":[{"id":3785,"href":"https:\/\/www.lehrplan.tech\/cursoeadlehrplan\/wp-json\/wp\/v2\/pages\/3238\/revisions\/3785"}],"up":[{"embeddable":true,"href":"https:\/\/www.lehrplan.tech\/cursoeadlehrplan\/wp-json\/wp\/v2\/pages\/275"}],"wp:attachment":[{"href":"https:\/\/www.lehrplan.tech\/cursoeadlehrplan\/wp-json\/wp\/v2\/media?parent=3238"}],"curies":[{"name":"wp","href":"https:\/\/api.w.org\/{rel}","templated":true}]}}