{"id":3526,"date":"2025-01-31T18:06:58","date_gmt":"2025-01-31T21:06:58","guid":{"rendered":"https:\/\/www.lehrplan.tech\/cursoeadlehrplan\/?page_id=3526"},"modified":"2026-02-20T11:12:35","modified_gmt":"2026-02-20T14:12:35","slug":"autoproducao-no-mercado-livre-de-energia","status":"publish","type":"page","link":"https:\/\/www.lehrplan.tech\/cursoeadlehrplan\/cursos-lehrplan-jocemar-bueno\/autoproducao-no-mercado-livre-de-energia\/","title":{"rendered":"Autoprodu\u00e7\u00e3o de Energia no Mercado Livre de Energia"},"content":{"rendered":"\n\n\t<h1><strong>AUTOPRODU\u00c7\u00c3O NO MERCADO LIVRE DE ENERGIA<\/strong><\/h1>\n\t<ul>\n<li><strong>Dura\u00e7\u00e3o:<\/strong> 4 horas;<\/li>\n<li><strong>Formato:<\/strong> videoaula;<\/li>\n<li><strong>Plataforma:<\/strong> Hotmart;<\/li>\n<li><strong>Investimento: <\/strong>Gratuito para assinantes do E2B &amp; NETW;<\/li>\n<\/ul>\n\t\t\t<a href=\"https:\/\/www.lehrplan.tech\/cursoeadlehrplan\/cursos-lehrplan-jocemar-bueno\/mercado-livre-de-energia-em-foco\/\" target=\"_self\" role=\"button\" rel=\"noopener\">\n\t\t\t\t\t\t\tCONHECER E2B &#038; NETW\n\t\t\t<\/a>\n\t<h2><strong>PROGRAMA DO CURSO:<\/strong><\/h2>\n<h3><strong>M\u00d3DULO 1 &#8211; INTRODU\u00c7\u00c3O E FUNDAMENTOS &#8211; 45 min:<\/strong><\/h3>\n\n<ul>\n<li>\n<ul>\n<li>Conceito e defini\u00e7\u00e3o.<\/li>\n<li>Diferen\u00e7a entre autoprodu\u00e7\u00e3o e gera\u00e7\u00e3o distribu\u00edda.<\/li>\n<li>Benef\u00edcios da autoprodu\u00e7\u00e3o para empresas e consumidores.<\/li>\n<\/ul>\n<\/li>\n<\/ul>\n\n<ul>\n<li>\n<ul>\n<li>Evolu\u00e7\u00e3o e regulamenta\u00e7\u00e3o.<\/li>\n<li>Principais players do setor.<\/li>\n<li>Oportunidades e desafios da autoprodu\u00e7\u00e3o no mercado livre.<\/li>\n<\/ul>\n<\/li>\n<\/ul>\n\n<ul>\n<li>\n<ul>\n<li>Regras da CCEE e da ANEEL.<\/li>\n<li>Modelos regulat\u00f3rios de autoprodu\u00e7\u00e3o.<\/li>\n<li>Impactos da Portaria 50 do MME de 2022 e outras normas recentes.<\/li>\n<\/ul>\n<\/li>\n<\/ul>\n<hr \/>\n<h3><strong>M\u00d3DULO 2 &#8211; MODELAGEM E VIABILIDADE DA AUTOPRODU\u00c7\u00c3O<\/strong><strong> &#8211; 1 hora:<\/strong><\/h3>\n\n<ul>\n<li>\n<ul>\n<li>Autoprodu\u00e7\u00e3o por consumo pr\u00f3prio x autoprodu\u00e7\u00e3o com venda de excedente.<\/li>\n<li>Cons\u00f3rcio e cooperativa de autoprodu\u00e7\u00e3o.<\/li>\n<li>Arranjos institucionais e cons\u00f3rcios entre empresas.<\/li>\n<\/ul>\n<\/li>\n<\/ul>\n\n<ul>\n<li>\n<ul>\n<li>Fontes mais utilizadas na autoprodu\u00e7\u00e3o: solar, h\u00eddrica, biomassa, e\u00f3lica e t\u00e9rmica.<\/li>\n<li>Dimensionamento e escolha da tecnologia ideal.<\/li>\n<li>Equipamentos e estrutura necess\u00e1ria.<\/li>\n<\/ul>\n<\/li>\n<\/ul>\n\n<ul>\n<li>\n<ul>\n<li>Investimento inicial e payback.<\/li>\n<li>C\u00e1lculo de custo de gera\u00e7\u00e3o x custo de compra no mercado livre.<\/li>\n<li>Incentivos fiscais e linhas de financiamento dispon\u00edveis.<\/li>\n<\/ul>\n<\/li>\n<\/ul>\n<hr \/>\n<h3><strong>M\u00d3DULO 3 &#8211; IMPLEMENTA\u00c7\u00c3O <\/strong><strong>&#8211; 1 hora:<\/strong><\/h3>\n\n<ul>\n<li>\n<ul>\n<li>Viabilidade t\u00e9cnica e econ\u00f4mica.<\/li>\n<li>Procedimentos para autoriza\u00e7\u00e3o na ANEEL e CCEE.<\/li>\n<li>Conex\u00e3o com a distribuidora e contratos de uso do sistema.<\/li>\n<\/ul>\n<\/li>\n<\/ul>\n\n<ul>\n<li>\n<ul>\n<li>Contratos de autoprodu\u00e7\u00e3o e PPA (Power Purchase Agreement).<\/li>\n<li>Riscos regulat\u00f3rios e estrat\u00e9gias para mitiga\u00e7\u00e3o.<\/li>\n<\/ul>\n<\/li>\n<\/ul>\n<hr \/>\n<h3><strong>M\u00d3DULO 4 &#8211; OPERA\u00c7\u00c3O E OTIMIZA\u00c7\u00c3O<\/strong><strong> &#8211; 45 min:<\/strong><\/h3>\n\n<ul>\n<li>\n<ul>\n<li>Softwares e ferramentas para gest\u00e3o energ\u00e9tica.<\/li>\n<li>Como otimizar a gera\u00e7\u00e3o e o consumo para maximizar economia.<\/li>\n<li>Estrat\u00e9gias para reduzir custos operacionais.<\/li>\n<\/ul>\n<\/li>\n<\/ul>\n\n<ul>\n<li>Vender excedente no mercado livre de energia: vale a pena?<\/li>\n<li>Estrat\u00e9gias de hedge e prote\u00e7\u00e3o contra varia\u00e7\u00f5es de pre\u00e7os.<\/li>\n<li>Como a autoprodu\u00e7\u00e3o pode ser uma vantagem competitiva para empresas.<\/li>\n<\/ul>\n<hr \/>\n<h3><strong>M\u00d3DULO 5 &#8211; FUTURO E TEND\u00caNCIAS DA AUTOPRODU\u00c7\u00c3O<\/strong><strong> &#8211; 30 min:<\/strong><\/h3>\n\n<ul>\n<li>Papel do armazenamento de energia (baterias).<\/li>\n<li>Intelig\u00eancia Artificial e IoT na gest\u00e3o de energia.<\/li>\n<li>Integra\u00e7\u00e3o com blockchain e smart contracts no setor el\u00e9trico.<\/li>\n<li>P2P, V2G, e VPPs.<\/li>\n<\/ul>\n\t<h3><strong>Instrutor:<\/strong>\u00a0Me. Jocemar Felicio Bueno<\/h3>\n<ul>\n<li>Certificado pela CCEE;<\/li>\n<li>Mestre em Engenharia de Energia;<\/li>\n<li>Graduado em F\u00edsica;<\/li>\n<li>T\u00e9cnico em Eletrot\u00e9cnica &#8211; CFT: 2208240790.<\/li>\n<\/ul>\n\t\t\t\t<img loading=\"lazy\" decoding=\"async\" src=\"https:\/\/www.lehrplan.tech\/cursoeadlehrplan\/wp-content\/uploads\/2022\/11\/Certificado-de-Operador-do-Mercado-Jocemar-Felicio-Bueno.png\" alt=\"Certificado de Operador do Mercado - Jocemar Felicio Bueno\" itemprop=\"image\" height=\"981\" width=\"1389\" title=\"Certificado de Operador do Mercado - Jocemar Felicio Bueno\" onerror=\"this.style.display='none'\"  \/>\n\t<h2>Pronto para fazer\u00a0<br \/>\nNovos Neg\u00f3cios?<\/h2>\n\t\t\t<a href=\"https:\/\/www.lehrplan.tech\/cursoeadlehrplan\/cursos-lehrplan-jocemar-bueno\/mercado-livre-de-energia-em-foco\/\" target=\"_self\" role=\"button\" rel=\"noopener\">\n\t\t\t\t\t\t\tCONHECER E2B &#038; NETW\n\t\t\t<\/a>\n\t\t\t<a href=\"https:\/\/wa.me\/5505196358257\" target=\"_blank\" role=\"button\" rel=\"noopener\">\n\t\t\t\t\t\t\tATENDIMENTO WHATSAPP\n\t\t\t<\/a>\n\t\t\t<a href=\"https:\/\/t.me\/mercadolivredeenergia\" target=\"_blank\" role=\"button\" rel=\"noopener\">\n\t\t\t\t\t\t\tGRUPO NO TELEGRAM\n\t\t\t<\/a>\n\t<h4><strong>CURSO DE MERCADO LIVRE DE ENERGIA<\/strong><\/h4>\n\t\t\t<a href=\"https:\/\/www.lehrplan.tech\/cursoeadlehrplan\/cursos-lehrplan-jocemar-bueno\/curso-mercado-livre-de-energia\/\" target=\"_blank\" role=\"button\" rel=\"noopener\">\n\t\t\t\t\t\t\tSAIBA MAIS!\n\t\t\t<\/a>\n\n","protected":false},"excerpt":{"rendered":"<p>AUTOPRODU\u00c7\u00c3O NO MERCADO LIVRE DE ENERGIA Dura\u00e7\u00e3o: 4 horas; Formato: videoaula; Plataforma: Hotmart; Investimento: Gratuito para assinantes do E2B &amp; NETW; CONHECER E2B &#038; NETW PROGRAMA DO CURSO: M\u00d3DULO 1 &#8211; INTRODU\u00c7\u00c3O E FUNDAMENTOS &#8211; 45 min: Conceito e defini\u00e7\u00e3o. Diferen\u00e7a entre autoprodu\u00e7\u00e3o e gera\u00e7\u00e3o distribu\u00edda. Benef\u00edcios da autoprodu\u00e7\u00e3o para empresas e consumidores. Evolu\u00e7\u00e3o e [&hellip;]<\/p>\n","protected":false},"author":1,"featured_media":0,"parent":275,"menu_order":0,"comment_status":"closed","ping_status":"closed","template":"","meta":{"site-sidebar-layout":"no-sidebar","site-content-layout":"page-builder","ast-site-content-layout":"full-width-container","site-content-style":"unboxed","site-sidebar-style":"unboxed","ast-global-header-display":"","ast-banner-title-visibility":"disabled","ast-main-header-display":"","ast-hfb-above-header-display":"","ast-hfb-below-header-display":"","ast-hfb-mobile-header-display":"","site-post-title":"disabled","ast-breadcrumbs-content":"","ast-featured-img":"disabled","footer-sml-layout":"","theme-transparent-header-meta":"default","adv-header-id-meta":"","stick-header-meta":"","header-above-stick-meta":"","header-main-stick-meta":"","header-below-stick-meta":"","astra-migrate-meta-layouts":"set","ast-page-background-enabled":"default","ast-page-background-meta":{"desktop":{"background-color":"var(--ast-global-color-4)","background-image":"","background-repeat":"repeat","background-position":"center center","background-size":"auto","background-attachment":"scroll","background-type":"","background-media":"","overlay-type":"","overlay-color":"","overlay-gradient":""},"tablet":{"background-color":"","background-image":"","background-repeat":"repeat","background-position":"center center","background-size":"auto","background-attachment":"scroll","background-type":"","background-media":"","overlay-type":"","overlay-color":"","overlay-gradient":""},"mobile":{"background-color":"","background-image":"","background-repeat":"repeat","background-position":"center center","background-size":"auto","background-attachment":"scroll","background-type":"","background-media":"","overlay-type":"","overlay-color":"","overlay-gradient":""}},"ast-content-background-meta":{"desktop":{"background-color":"var(--ast-global-color-5)","background-image":"","background-repeat":"repeat","background-position":"center center","background-size":"auto","background-attachment":"scroll","background-type":"","background-media":"","overlay-type":"","overlay-color":"","overlay-gradient":""},"tablet":{"background-color":"var(--ast-global-color-5)","background-image":"","background-repeat":"repeat","background-position":"center center","background-size":"auto","background-attachment":"scroll","background-type":"","background-media":"","overlay-type":"","overlay-color":"","overlay-gradient":""},"mobile":{"background-color":"var(--ast-global-color-5)","background-image":"","background-repeat":"repeat","background-position":"center center","background-size":"auto","background-attachment":"scroll","background-type":"","background-media":"","overlay-type":"","overlay-color":"","overlay-gradient":""}},"footnotes":""},"_links":{"self":[{"href":"https:\/\/www.lehrplan.tech\/cursoeadlehrplan\/wp-json\/wp\/v2\/pages\/3526"}],"collection":[{"href":"https:\/\/www.lehrplan.tech\/cursoeadlehrplan\/wp-json\/wp\/v2\/pages"}],"about":[{"href":"https:\/\/www.lehrplan.tech\/cursoeadlehrplan\/wp-json\/wp\/v2\/types\/page"}],"author":[{"embeddable":true,"href":"https:\/\/www.lehrplan.tech\/cursoeadlehrplan\/wp-json\/wp\/v2\/users\/1"}],"replies":[{"embeddable":true,"href":"https:\/\/www.lehrplan.tech\/cursoeadlehrplan\/wp-json\/wp\/v2\/comments?post=3526"}],"version-history":[{"count":17,"href":"https:\/\/www.lehrplan.tech\/cursoeadlehrplan\/wp-json\/wp\/v2\/pages\/3526\/revisions"}],"predecessor-version":[{"id":3951,"href":"https:\/\/www.lehrplan.tech\/cursoeadlehrplan\/wp-json\/wp\/v2\/pages\/3526\/revisions\/3951"}],"up":[{"embeddable":true,"href":"https:\/\/www.lehrplan.tech\/cursoeadlehrplan\/wp-json\/wp\/v2\/pages\/275"}],"wp:attachment":[{"href":"https:\/\/www.lehrplan.tech\/cursoeadlehrplan\/wp-json\/wp\/v2\/media?parent=3526"}],"curies":[{"name":"wp","href":"https:\/\/api.w.org\/{rel}","templated":true}]}}