{"id":1304,"date":"2022-02-23T09:15:00","date_gmt":"2022-02-23T12:15:00","guid":{"rendered":"https:\/\/www.lehrplan.tech\/liberatodppi\/?page_id=1304"},"modified":"2024-07-04T14:20:51","modified_gmt":"2024-07-04T17:20:51","slug":"contato","status":"publish","type":"page","link":"https:\/\/www.lehrplan.tech\/liberatodppi\/index.php\/contato\/","title":{"rendered":"CONTATO"},"content":{"rendered":"<h1>\n\t\tFUNDA\u00c7\u00c3O LIBERATO\n\t<\/h1>\n\t\t\t<a href=\"https:\/\/www.liberato.com.br\/contato\/\" target=\"_self\" role=\"button\" rel=\"noopener\">\n\t\t\t\t\t\t\tFORMUL\u00c1RIO DE CONTATO\n\t\t\t<\/a>\n\t\n<div class=\"wpcf7 no-js\" id=\"wpcf7-f2595-o1\" lang=\"pt-BR\" dir=\"ltr\" data-wpcf7-id=\"2595\">\n<div class=\"screen-reader-response\"><p role=\"status\" aria-live=\"polite\" aria-atomic=\"true\"><\/p> <ul><\/ul><\/div>\n<form action=\"\/liberatodppi\/index.php\/wp-json\/wp\/v2\/pages\/1304#wpcf7-f2595-o1\" method=\"post\" class=\"wpcf7-form init\" aria-label=\"Formul\u00e1rios de contato\" novalidate=\"novalidate\" data-status=\"init\">\n<div style=\"display: none;\">\n<input type=\"hidden\" name=\"_wpcf7\" value=\"2595\" \/>\n<input type=\"hidden\" name=\"_wpcf7_version\" value=\"6.0.4\" \/>\n<input type=\"hidden\" name=\"_wpcf7_locale\" value=\"pt_BR\" \/>\n<input type=\"hidden\" name=\"_wpcf7_unit_tag\" value=\"wpcf7-f2595-o1\" \/>\n<input type=\"hidden\" name=\"_wpcf7_container_post\" value=\"0\" \/>\n<input type=\"hidden\" name=\"_wpcf7_posted_data_hash\" value=\"\" \/>\n<\/div>\n<p><label> Seu nome<br \/>\n<span class=\"wpcf7-form-control-wrap\" data-name=\"your-name\"><input size=\"40\" maxlength=\"400\" class=\"wpcf7-form-control wpcf7-text wpcf7-validates-as-required\" autocomplete=\"name\" aria-required=\"true\" aria-invalid=\"false\" value=\"\" type=\"text\" name=\"your-name\" \/><\/span> <\/label>\n<\/p>\n<p><label> Seu e-mail<br \/>\n<span class=\"wpcf7-form-control-wrap\" data-name=\"your-email\"><input size=\"40\" maxlength=\"400\" class=\"wpcf7-form-control wpcf7-email wpcf7-validates-as-required wpcf7-text wpcf7-validates-as-email\" autocomplete=\"email\" aria-required=\"true\" aria-invalid=\"false\" value=\"\" type=\"email\" name=\"your-email\" \/><\/span> <\/label>\n<\/p>\n<p><label> Assunto<br \/>\n<span class=\"wpcf7-form-control-wrap\" data-name=\"your-subject\"><input size=\"40\" maxlength=\"400\" class=\"wpcf7-form-control wpcf7-text wpcf7-validates-as-required\" aria-required=\"true\" aria-invalid=\"false\" value=\"\" type=\"text\" name=\"your-subject\" \/><\/span> <\/label>\n<\/p>\n<p><label> Sua mensagem (opcional)<br \/>\n<span class=\"wpcf7-form-control-wrap\" data-name=\"your-message\"><textarea cols=\"40\" rows=\"10\" maxlength=\"2000\" class=\"wpcf7-form-control wpcf7-textarea\" aria-invalid=\"false\" name=\"your-message\"><\/textarea><\/span> <\/label>\n<\/p>\n<p><input class=\"wpcf7-form-control wpcf7-submit has-spinner\" type=\"submit\" value=\"Enviar\" \/>\n<\/p><div class=\"wpcf7-response-output\" aria-hidden=\"true\"><\/div>\n<\/form>\n<\/div>\n\n\t<iframe src=\"https:\/\/www.google.com\/maps\/embed?pb=!1m14!1m8!1m3!1d55455.01415803799!2d-51.147927!3d-29.692566!3m2!1i1024!2i768!4f13.1!3m3!1m2!1s0x0%3A0xadb09bf2c9c13e26!2sFunda%C3%A7%C3%A3o%20Escola%20T%C3%A9cnica%20Liberato%20Salzano%20Vieira%20da%20Cunha!5e0!3m2!1spt-BR!2sus!4v1645618679026!5m2!1spt-BR!2sus\" width=\"600\" height=\"450\" allowfullscreen=\"\" loading=\"lazy\"><\/iframe>\n<h2>\n\t\tENDERE\u00c7O:\n\t<\/h2>\n\t<p><strong>FUNDA\u00c7\u00c3O LIBERATO<\/strong><\/p>\n<p>Rua Inconfidentes, 395, Bairro Primavera, Novo Hamburgo &#8211; Rio Grande do Sul &#8211; CEP 93340-140 &#8211; Brasil<\/p>\n\t\t\t<a href=\"https:\/\/goo.gl\/maps\/aJPthJYvDiuRZAfY6\" target=\"_self\" role=\"button\" rel=\"noopener\">\n\t\t\t\t\t\t\tGoogle Map directions\n\t\t\t<\/a>","protected":false},"excerpt":{"rendered":"<p>FUNDA\u00c7\u00c3O LIBERATO FORMUL\u00c1RIO DE CONTATO ENDERE\u00c7O: FUNDA\u00c7\u00c3O LIBERATO Rua Inconfidentes, 395, Bairro Primavera, Novo Hamburgo &#8211; Rio Grande do Sul &#8211; CEP 93340-140 &#8211; Brasil Google Map directions<\/p>\n","protected":false},"author":1,"featured_media":0,"parent":0,"menu_order":0,"comment_status":"closed","ping_status":"closed","template":"","meta":{"footnotes":""},"class_list":["post-1304","page","type-page","status-publish","hentry"],"_links":{"self":[{"href":"https:\/\/www.lehrplan.tech\/liberatodppi\/index.php\/wp-json\/wp\/v2\/pages\/1304","targetHints":{"allow":["GET"]}}],"collection":[{"href":"https:\/\/www.lehrplan.tech\/liberatodppi\/index.php\/wp-json\/wp\/v2\/pages"}],"about":[{"href":"https:\/\/www.lehrplan.tech\/liberatodppi\/index.php\/wp-json\/wp\/v2\/types\/page"}],"author":[{"embeddable":true,"href":"https:\/\/www.lehrplan.tech\/liberatodppi\/index.php\/wp-json\/wp\/v2\/users\/1"}],"replies":[{"embeddable":true,"href":"https:\/\/www.lehrplan.tech\/liberatodppi\/index.php\/wp-json\/wp\/v2\/comments?post=1304"}],"version-history":[{"count":3,"href":"https:\/\/www.lehrplan.tech\/liberatodppi\/index.php\/wp-json\/wp\/v2\/pages\/1304\/revisions"}],"predecessor-version":[{"id":2596,"href":"https:\/\/www.lehrplan.tech\/liberatodppi\/index.php\/wp-json\/wp\/v2\/pages\/1304\/revisions\/2596"}],"wp:attachment":[{"href":"https:\/\/www.lehrplan.tech\/liberatodppi\/index.php\/wp-json\/wp\/v2\/media?parent=1304"}],"curies":[{"name":"wp","href":"https:\/\/api.w.org\/{rel}","templated":true}]}}